-4841 + 39?
-4802
In base 11, what is -227 - -30953?
30727
In base 11, what is 2 - a775602?
-a775600
In base 9, what is -5 - -783876?
783871
In base 11, what is -47341 - -17?
-47325
In base 15, what is -5dd6 + 276c?
-3669
In base 13, what is -695b121 + 17?
-695b107
In base 16, what is 116 - -2a669?
2a77f
In base 8, what is -20111 + 123776?
103665
In base 7, what is 26625601 - -15?
26625616
In base 10, what is 13 + -17473192?
-17473179
In base 15, what is 488 + -6ce6?
-685d
In base 9, what is 384 + -188720?
-188325
In base 4, what is -111021110011 - -3?
-111021110002
In base 3, what is -221200022212002 - -10?
-221200022211222
In base 16, what is 1 + 5223e4?
5223e5
In base 13, what is 32a83 + -1a58?
31028
In base 7, what is -60340 + 35326?
-22011
In base 4, what is 2 + -100332332220?
-100332332212
In base 12, what is 5 + 49543937?
49543940
In base 14, what is 2774 - 1dda?
778
In base 14, what is -180882 - 97c?
-181420
In base 15, what is -545126 + -10?
-545136
In base 12, what is -9 + -25b052?
-25b05b
In base 7, what is -41025 - 15300?
-56325
In base 5, what is 0 + -33231203?
-33231203
In base 14, what is -15 - -5639a?
56385
In base 13, what is 6bb67 + -15?
6bb52
In base 2, what is -11101 - -10100011110001?
10100011010100
In base 14, what is -30d + 327b9?
324aa
In base 4, what is -3 + -10223203200?
-10223203203
In base 6, what is 153 - -10510501?
10511054
In base 2, what is -101 - -11000011101010100111000111010?
11000011101010100111000110101
In base 14, what is -97 - a6114?
-a61ab
In base 12, what is -389 - 3098?
-3465
In base 2, what is -10100000001101000001 - -1101?
-10100000001100110100
In base 15, what is 168c - 174c?
-b0
In base 7, what is 1046 + 14445006?
14446055
In base 10, what is 38 - -17358?
17396
In base 14, what is -1 - 416b244?
-416b245
In base 12, what is -2a9bb + -516?
-2b315
In base 15, what is 2 + -1440880?
-144087d
In base 8, what is -6101373 + -302?
-6101675
In base 13, what is -2014 - 3564?
-5578
In base 12, what is -92 - 973233?
-973305
In base 11, what is -6983817 + -6?
-6983822
In base 7, what is -14322 - 354004?
-401326
In base 3, what is -202121010 - -1010200?
-201110110
In base 16, what is 5 - -a3b297?
a3b29c
In base 5, what is -101043 + 4320224?
4214131
In base 8, what is 165 - 4004561?
-4004374
In base 12, what is -5 + -15b8a42?
-15b8a47
In base 8, what is -61 - -315565?
315504
In base 8, what is -56475176 + 5?
-56475171
In base 16, what is 5d65 + -5a?
5d0b
In base 16, what is 1459 + -1941?
-4e8
In base 13, what is 10c2 - 28b3?
-17c1
In base 15, what is -848097 + 3?
-848094
In base 9, what is 2 + -53824531?
-53824528
In base 9, what is 2 + -11556008?
-11556006
In base 6, what is 1252512 - 105?
1252403
In base 2, what is -10001100000011001 - 101101010101?
-10010001101101110
In base 5, what is -3 + 14132301341?
14132301333
In base 4, what is 1200322000123 + 21?
1200322000210
In base 9, what is 387 - -725602?
726100
In base 2, what is 111001101101010001110010 - 0?
111001101101010001110010
In base 5, what is 2 + 13311214?
13311221
In base 4, what is 21211333133 - -123?
21211333322
In base 9, what is 1847 - 61746?
-58788
In base 11, what is -88526 - 7?
-88532
In base 3, what is 1202010001220 - 12?
1202010001201
In base 15, what is -1eb0e2 + -38?
-1eb12a
In base 14, what is 393b92 - 5?
393b8b
In base 2, what is -10101100010000100 - 101010010111?
-10110001100011011
In base 14, what is 12291a85 + -3?
12291a82
In base 16, what is 5db58 - 6f3?
5d465
In base 13, what is 25b2 + -c400?
-9b1b
In base 8, what is 25161 - -6132?
33313
In base 7, what is 16300643 + 4?
16300650
In base 12, what is -108 - 4b857?
-4b963
In base 9, what is 6244 + -13620?
-6365
In base 14, what is -270591a - -21?
-27058d9
In base 9, what is -12 + 46764?
46752
In base 3, what is -2 + -2210101211202?
-2210101211211
In base 16, what is 92ef3 - ab?
92e48
In base 11, what is 2 - 738125?
-738123
In base 13, what is 1 + 576bc4?
576bc5
In base 11, what is -4 + -10a39116?
-10a3911a
In base 11, what is 1241 + 110462?
1116a3
In base 9, what is 151332761 + 4?
151332765
In base 7, what is 4166 + -63623?
-56424
In base 12, what is -1097 + -27400?
-28497
In base 14, what is 1 - 45b580?
-45b57d
In base 4, what is 101203010121 - 220?
101203003301
In base 14, what is -1394 + 23b87?
227d3
In base 9, what is 2 - -5360130?
5360132
In base 8, what is -6340270151 + -4?
-6340270155
In base 8, what is -5634 + -312?
-6146
In base 15, what is -118 + -5009?
-5122
In base 10, what is 10 - -17473?
17483
In base 7, what is 120123132 - -2?
120123134
In base 11, what is -94901175 + -4?
-94901179
In base 2, what is -10001100111100011 - -10000101?
-10001100101011110
In base 7, what is -224 - -525235?
525011
In base 5, what is 2 + 1044413012?
1044413014
In base 4, what is -1031120 + -112212?
-1203332
In base 3, what is -1000222221122 - 1002202?
-1001001001101
In base 14, what is -594 + -da6c?
-10222
In base 9, what is 202472536 + 8?
202472545
In base 5, what is -32142211 - -311?
-32141400
In base 13, what is 176 + 219973?
219b19
In base 10, what is -7 - -1839335?
1839328
In base 5, what is -12043 - -21222042?
21204444
In base 8, what is -106626 - 13?
-106641
In base 2, what is -100101001 + 10001101111111110110101?
10001101111111010001100
In base 14, what is -3 - -61872bb?
61872b8
In base 5, what is 3 - -233423401?
233423404
In base 14, what is 5d08a - -76?
5d122
In base 14, what is 10 - -9347cb?
9347db
In base 11, what is 919 + -4a1?
428
In base 9, what is 418084885 - 3?
418084882
In base 13, what is 451ab08 + -3?
451ab05
In base 10, what is -222 - 525101?
-525323
In base 12, what is 10312909 - -4?
10312911
In base 16, what is -1bf842 - 5?
-1bf847
In base 3, what is 121022200 - 11101022?
102221101
In base 10, what is -8704 - -30017?
21313
In base 13, what is 16acb - 20c?
168bc
In base 15, what is 983 + 587?
101a
In base 3, what is 21001212120212012 - 10?
21001212120212002
In base 4, what is -13321012221 + -21?
-13321012302
In base 8, what is -621 - -40142?
37321
In base 13, what is -38bb3 + 19?
-38b97
In base 11, what is -1 - -1131305?
1131304
In base 5, what is -1113 + 34341333?
34340220
In base 13, what is -3149 - 4726?
-7872
In base 4, what is 132101 - 3123?
122312
In base 16, what is -245bcf + 38?
-245b97
In base 14, what is 3ca7 - d0?
3bb7
In base 13, what is 370 - -36c?
70c
In base 3, what is 12001112120 - 11100010?
11220012110
In base 5, what is -4 + -101001402?
-101001411
In base 11, what is -24154226 - -4?
-24154222
In base 2, what is 0 - 100100111000111011110010?
-100100111000111011110010
In base 9, what is 1 + -130486364?
-130486363
In base 3, what is 111100220 - 1112001?
102211212
In base 10, what is 227803 - 40?
227763
In base 16, what is -253c1 + 58?
-25369
In base 4, what is 1211033111101 + 0?
1211033111101
In base 5, what is 102111234 - -243?
102112032
In base 3, what is -2011 - -1112001121202?
1112001112121
In base 5, what is 13 + 214431341?
214431404
In base 5, what is -33 + 243243423?
243243340
In base 15, what is -6bb - -666b2?
65ee6
In base 14, what is -95486a6 + -1?
-95486a7
In base 7, what is 16516 + -133326?
-113510
In base 2, what is 100 - 11011100111000100000100?
-11011100111000100000000
In base 2, what is 101 - 100101110000010100011?
-100101110000010011110
In base 8, what is 431472736 - -3?
431472741
In base 7, what is 325 - 151216?
-150561
In base 10, what is -31792 + 5753?
-26039
In base 16, what is 6 + -8ed81?
-8ed7b
In base 4, what is 200 + 133330011020?
133330011220
In base 16, what is 2408 - fbe?
144a
In base 10, what is 230 + 73225?
73455
In base 5, what is 23013 + -401234?
-323221
In base 4, what is 12131213320311 - 10?
12131213320301
In base 4, what is 2223 - -1113312?
1122201
In base 12, what is 4 + -3219b17?
-3219b13
In base 5, what is -3 + 111003120143?
111003120140
In base 4, what is -32 + -2232232001?
-2232232033
In base 4, what is 0 + -200222113001?
-200222113001
In base 5, what is -3 + -1210200331?
-1210200334
In base 7, what is -235 + 344665?
344430
In base 2, what is -100001001 + -10010100100000101101?
-10010100100100110110
In base 3, what is 202010100210122 - 20?
202010100210102
In base 8, what is 153130521 - 0?
153130521
In base 16, what is -6 + 2110e6?
2110e0
In base 11, what is -6170861 + 8?
-6170854
In base 7, what is -14516 - 5355?
-232